38*s - 37379186. What is x(-5)?
4
Let t(j) = -j**3 - 158*j**2 + 6991*j + 1704. Calculate t(-194).
346
Let i(u) = -567*u - 1263. Determine i(-2).
-129
Let h(w) = 11*w**3 + 19*w**2 - 1773*w - 5329. Calculate h(-3).
-136
Let k(f) = -41402*f + 82790. Determine k(2).
-14
Let g(s) = 15118*s + 90717. Calculate g(-6).
9
Let w(p) = 9*p**3 - 10*p**2 + 22*p - 95. Calculate w(3).
124
Let k(p) = -51*p + 829. Calculate k(18).
-89
Let o(d) = -5*d**3 - 45*d**2 + 674*d - 21. Determine o(8).
-69
Let f(v) = -v**3 + 5*v**2 - 193*v + 3380. Calculate f(12).
56
Let r(w) = -w**2 + 10890*w + 185435. Give r(-17).
16
Let u(v) = 86889*v + 1737741. Determine u(-20).
-39
Let s(p) = -3816*p + 354902. Calculate s(93).
14
Let k(v) = 1015829*v - 23364087. Give k(23).
-20
Let g(k) = 18*k**2 - 50*k - 331. Give g(6).
17
Let r(u) = -2*u**3 - 26*u**2 - 25*u + 223. Determine r(-8).
-217
Let s(n) = n**3 + 2*n**2 - 147*n - 1030. Calculate s(-7).
-246
Let h(b) = -418*b**3 + 2091*b**2 - 6*b + 11. Give h(5).
6
Let r(k) = -3*k**3 - 1945*k**2 + 895*k - 261559. Give r(-649).
-12
Let k(c) = -12*c**2 + 476*c + 2439. Calculate k(-5).
-241
Let z(x) = -642*x - 138575. Give z(-216).
97
Let u(t) = -6*t**2 - 1523*t - 11544. Determine u(-246).
18
Let i(k) = 289*k**2 - 196*k + 36. Give i(1).
129
Let b(g) = 119927*g + 719312. Determine b(-6).
-250
Let c(m) = m**3 + 4*m**2 - 402*m + 764. What is c(17)?
-1
Let k(d) = -21*d + 220. What is k(0)?
220
Let c(y) = -14*y**2 - 1240*y + 10801. What is c(8)?
-15
Let a(l) = -40020*l + 240120. Determine a(6).
0
Let a(j) = -j**3 + 33*j**2 + 15483*j + 554. Determine a(-109).
9
Let f(c) = 11*c**2 - 380*c - 186215. What is f(-114)?
61
Let c(j) = 292*j**3 + j**2 - 71*j - 72. Determine c(-1).
-292
Let l(c) = -c**3 - 12*c**2 - 1626*c + 12314. What is l(7)?
1
Let m(t) = -2*t**3 - 71*t - 369. Give m(-4).
43
Let u(f) = 3622*f - 2625956. Determine u(725).
-6
Let s(b) = 77*b**2 - 71438*b - 16702. Calculate s(928).
2
Let r(f) = -f**2 + 51*f - 487. Determine r(37).
31
Let p(m) = -8004*m - 376434. Calculate p(-47).
-246
Let t(x) = 2*x**3 - 12*x**2 + 60*x - 28. What is t(4)?
148
Let l(g) = -63*g**3 + 8*g**2 + 279*g - 286. What is l(1)?
-62
Let l(h) = -141*h - 5420. Determine l(-35).
-485
Let c(u) = -90*u**2 - 1426*u + 225. Calculate c(-16).
1
Let f(t) = -19*t**3 - 78*t**2 - 33*t - 98. Determine f(-4).
2
Let l(o) = -304*o**2 - 991*o - 221. Determine l(-3).
16
Let x(k) = -3*k**2 - 324*k + 2495. What is x(7)?
80
Let n(i) = 4*i**3 - 257*i**2 + 1027*i - 250. Determine n(4).
2
Let y(s) = 161121*s + 805495. What is y(-5)?
-110
Let u(d) = 56*d**2 + 1687*d + 263. Calculate u(-30).
53
Let y(v) = -82177*v - 493029. Calculate y(-6).
33
Let m(p) = 10*p**2 + 39*p + 116. Determine m(-7).
333
Let d(i) = -187*i - 17. Determine d(2).
-391
Let x(i) = 3*i**2 - 144*i + 424. What is x(30)?
-1196
Let f(b) = -2*b**3 - 206*b**2 + 1105*b + 113810. Determine f(-103).
-5
Let u(b) = -124*b**2 + 874*b - 77. Determine u(7).
-35
Let c(n) = -n**2 - 49*n - 139. Determine c(-45).
41
Let m(c) = -24*c**2 - 57*c + 4121. What is m(12)?
-19
Let b(q) = 3*q**3 + 22*q**2 - 43*q - 64. What is b(-8)?
152
Let y(t) = -55299*t + 42635529. What is y(771)?
0
Let m(t) = 361*t - 183202. What is m(508)?
186
Let q(r) = 9*r**3 - 3*r**2 + 202*r + 204. Determine q(-1).
-10
Let j(a) = -5*a**3 - 109*a**2 + 212*a + 1693. Give j(-23).
-9
Let m(o) = o**3 - 15*o**2 - 1069*o + 18784. Calculate m(18).
514
Let o(n) = 1442*n**2 + 27405*n + 43. Determine o(-19).
-90
Let z(w) = 4*w**2 - 221*w - 3006. Give z(-12).
222
Let f(g) = 8*g**2 - 5020*g - 35129. Calculate f(-7).
403
Let j(b) = b**2 - 1893*b + 63219. What is j(34)?
13
Let s(g) = -5587*g + 446967. Calculate s(80).
7
Let q(a) = 9*a**2 + 309*a + 1407. Determine q(-5).
87
Let v(i) = -3*i**3 - 466*i**2 + 784*i - 17. Give v(-157).
140
Let z(j) = -5*j**3 + 188*j**2 - 95*j - 559. Calculate z(37).
33
Let z(n) = 2510*n + 7671. Determine z(-3).
141
Let w(q) = -3*q**2 - 428*q - 15267. What is w(-71)?
-2
Let p(i) = -2*i**2 + 3454*i - 10365. Determine p(3).
-21
Let t(j) = -j**3 + 7*j**2 + 777*j + 7118. Calculate t(35).
13
Let c(f) = -f**3 + 498*f**2 - 33103*f + 834. Calculate c(419).
-4
Let m(l) = 4*l**2 + 156*l - 422. What is m(-50)?
1778
Let x(p) = p**3 + 61*p**2 - 20*p + 2624. What is x(-62)?
20
Let y(f) = -802*f - 534961. Determine y(-667).
-27
Let p(a) = 228*a**2 - 3150*a + 10. Give p(14).
598
Let q(w) = 86*w + 768. What is q(-4)?
424
Let z(d) = 7*d**3 - 67*d**2 + 95*d - 90. Give z(8).
-34
Let r(x) = -2*x**2 - 1891048*x - 1891047. Calculate r(-1).
-1
Let h(f) = 2*f**3 + 2*f**2 + 344*f + 1028. What is h(-3)?
-40
Let l(k) = -15*k**2 + 72*k - 205. Give l(3).
-124
Let b(l) = l**2 - 87*l - 1401. Determine b(101).
13
Let f(g) = g**3 - 30*g**2 + 246*g - 3. What is f(20)?
917
Let k(n) = 2*n**2 - 367*n - 9567. Calculate k(-25).
858
Let h(r) = -35*r**2 + 684*r + 1190. Calculate h(21).
119
Let d(p) = -3*p**2 - 508*p - 3850. Calculate d(-8).
22
Let u(p) = 16*p**2 - 1826*p + 121. Give u(114).
-107
Let z(g) = -7*g**2 + 125*g + 8538. Give z(45).
-12
Let o(h) = 333*h + 3777. Determine o(-12).
-219
Let f(m) = -4878*m + 31255. What is f(5)?
6865
Let i(d) = 4*d**3 + 267*d**2 - 39*d - 1381. Calculate i(-67).
-3257
Let y(b) = -25452*b + 36879944. Calculate y(1449).
-4
Let i(q) = -2*q**2 + 1100*q - 24356. Give i(23).
-114
Let l(x) = -10*x**2 - 3733*x - 33472. Determine l(-9).
-685
Let a(u) = 113097*u - 112578. Determine a(1).
519
Let z(p) = 165*p**2 + 22*p - 967. Calculate z(0).
-967
Let v(d) = -13*d**3 + 4*d**2 + 409*d - 2045. What is v(5)?
-1525
Let y(w) = -w**3 - 56*w**2 + 3464*w + 166473. Determine y(-72).
9
Let j(k) = 199571*k - 798352. What is j(4)?
-68
Let s(p) = 13733*p + 41797. What is s(-3)?
598
Let b(k) = 3*k**2 + 133*k - 1947. What is b(13)?
289
Let c(o) = o**2 - 490*o + 51197. Determine c(145).
1172
Let o(y) = -y**2 + 1706*y - 17027. Give o(10).
-67
Let p(k) = -15*k**2 - 2614*k - 7970. Calculate p(-3).
-263
Let j(u) = -3284*u - 115938. What is j(-35)?
-998
Let s(v) = -4*v**3 - 39*v**2 + 247*v + 89. Calculate s(-14).
-37
Let i(g) = 11030*g - 452227. What is i(41)?
3
Let p(n) = -8736*n - 192089. What is p(-22)?
103
Let n(i) = i**3 + 167*i**2 - 17823*i + 2619. Calculate n(-241).
-32
Let t(i) = 21*i**2 - 209*i + 463. Calculate t(7).
29
Let g(x) = -21118*x + 337904. Give g(16).
16
Let c(o) = 2*o**3 + 49*o**2 + 131*o + 9160. Give c(-28).
4
Let d(s) = -s**3 + 35*s**2 - 263*s + 59. What is d(10)?
-71
Let o(t) = -2692*t - 45953. Calculate o(-17).
-189
Let b(h) = -1454*h - 10141. Determine b(-7).
37
Let s(o) = 422101*o + 1266288. What is s(-3)?
-15
Let q(l) = -33511*l + 368146. Give q(11).
-475
Let z(s) = -19*s**2 - 1186*s + 527. What is z(0)?
527
Let k(g) = 13*g**2 - 3304*g + 39672. Calculate k(12).
1896
Let y(b) = -4*b**3 - 633*b**2 - 849*b - 210842. What is y(-159)?
-8
Let i(y) = y**2 - 176*y + 4357. Give i(143).
-362
Let i(a) = -a**3 - 21*a**2 - 373*a - 8367. What is i(-21)?
-534
Let a(i) = i**2 + 705871*i - 8470592. Give a(12).
4
Let u(s) = s**3 + 122*s**2 + 919*s + 734. What is u(-114)?
-64
Let b(t) = 2*t**3 - 96*t**2 + 118*t - 5672. Give b(48).
-8
Let g(l) = -2*l**3 - 26*l**2 + 61*l + 3046. Determine g(9).
31
Let f(i) = 28*i - 824. What is f(25)?
-124
Let u(g) = 5006*g + 550670. Determine u(-110).
10
Let w(p) = -p**2 + 453*p - 50851. Calculate w(206).
31
Let u(g) = -364*g**2 + 3807*g - 1615. Calculate u(10).
55
Let r(d) = -2*d**3 + 52*d**2 + 893*d - 6. Determine r(38).
-728
Let x(y) = y**3 - 16*y**2 - 394*y - 1216. Calculate x(-4).
40
Let y(u) = u**3 - 5*u**2 - 105*u + 971. Calculate y(7).
334
Let v(k) = 216*k**2 + 2043*k - 63. Calculate v(-9).
-954
Let n(h) = -2*h**2 + 1833*h + 246499. Calculate n(-119).
50
Let k(l) = -l**2 + 7362*l + 245. Calculate k(0).
245
Let c(v) = 122578*v + 490293. Calculate c(-4).
-19
Let r(j) = 52*j - 2286. Determine r(15).
-1506
Let x(o) = 160*o + 10646. What is x(-57)?
1526
Let w(q) = 5503*q + 5024240. Determine w(-913).
1
Let g(y) = -y**3 + 16*y**2 + 409*y - 24. Determine g(-14).
130
Let i(u) = -11*u**2 - 44*u + 78. Give i(3).
-153
Let k(y) = -56910*y - 3528581. What is k(-62)?
-161
Let m(b) = -205*b**2 - 5530*b + 5895. What is m(-28)?
15
Let a(m) = -2*m**3 - 137*m**2 + 1221*m + 6155. What is a(-76)?
-1
Let k(v) = v**3 + 111*v**2 + 268*v + 42546. Give k(-112).
-14
Let c(r) = r**